rue
Suppose 51*a - 3431 = 4*a. Is a even?
False
Suppose 5*b = -2*g + 589, 2*g + 5*b - 6*b = 595. Does 27 divide g?
True
Suppose 1014 = 8*m + 18*m. Is 13 a factor of m?
True
Suppose -4*m + 15 = -5*m. Is (m - 4)/((-3)/12) a multiple of 19?
True
Suppose -5*d - 925 = -5*g, 5*g + 5*d - 611 - 314 = 0. Is 22 a factor of g + 0 + 1/(-1)?
False
Let h(q) = 71*q**3 + 2*q**2 - 4*q + 1. Is h(1) a multiple of 35?
True
Suppose 669 = a - 174. Suppose 267 - a = -3*v. Does 24 divide 3 + (v/2 - 3)?
True
Suppose 198*w + 900 = 208*w. Is w a multiple of 18?
True
Let i be 29/3 + (-12)/(-36). Let s(t) = -t + 23. Is 3 a factor of s(i)?
False
Let z be (-50)/(-75) - 112/6. Suppose 2*c - 148 = -2*c. Let p = c + z. Does 14 divide p?
False
Let g = -3 + 3. Suppose -l = -m + 145, 4*m + l - 299 - 261 = g. Is m a multiple of 30?
False
Suppose u - 736 = -3*u + 3*b, 4*u = 4*b + 740. Suppose -323 = -4*f + u. Is f a multiple of 18?
True
Let d(a) = -46*a + 3. Let x be d(-2). Suppose 3 = -2*v - 5, -415 = -3*j + v. Let y = j - x. Is 7 a factor of y?
True
Suppose 0 = -4*k + 2*u - 7*u + 1471, -2*k - u = -737. Is 3 a factor of k?
True
Let m = -18 - -24. Let d = m + 48. Is d a multiple of 11?
False
Let f(y) = 2*y**3 - 13*y**2 + y + 10. Is f(7) a multiple of 33?
True
Suppose 3*m - 3 - 16 = -5*l, -m + 5 = l. Let g(x) = 0*x + l*x + 9 - 2*x - x. Is 5 a factor of g(4)?
True
Let r be (6/4)/((-2)/(-8)). Let n be (-3)/r - 20/(-8). Suppose 0 = 2*q + n*g - 12, -g = -5*g. Does 6 divide q?
True
Let x(g) be the third derivative of -19/6*g**3 + 0 + g**2 + 0*g + 1/8*g**4. Is 11 a factor of x(10)?
True
Suppose 2*y - 3*i - 928 = -i, 1402 = 3*y - 5*i. Is 9 a factor of y?
True
Let k = -566 - -626. Is k a multiple of 10?
True
Suppose -j - 60 = 4*x, 12*x = 2*j + 10*x + 170. Let b = 174 + j. Is 30 a factor of b?
False
Let i be (-125964)/(-39) + (-2)/(-13). Suppose 4*g + 15*g - i = 0. Is 34 a factor of g?
True
Suppose 2*k + 3*d = -309, -3*k + 486 = -6*k + 3*d. Let b = k + 285. Is b a multiple of 14?
True
Let j(z) = 149*z**2 - 2*z + 1. Let a be j(1). Suppose a = x + 3*x. Let t = x + -7. Does 10 divide t?
True
Let b(g) = 6*g**2 - 41*g - 30. Is 5 a factor of b(9)?
False
Let x = -105 + 460. Does 59 divide x?
False
Let d(f) = -f + 1. Let c be d(-4). Suppose -1121 = -3*u - 16*u. Suppose -g + u = c. Is 12 a factor of g?
False
Let y = -49 + 128. Suppose -4*b + 239 - y = 0. Does 9 divide b?
False
Let p be (-27)/(-4) + (-3)/(-12). Suppose p*w + 10 = -y + 3*w, 5*w = -15. Suppose 2*l - b = -y*l + 71, -56 = -4*l - 4*b. Is l a multiple of 4?
False
Suppose 0 = 3*z - 10 + 4, 8426 = 4*l - 5*z. Is 19 a factor of l?
True
Suppose 5*u - 2*u = 3*z - 201, z - 72 = -4*u. Does 9 divide z?
False
Let w(h) = 108*h - 104. Is 34 a factor of w(6)?
True
Suppose -7*q = -2*q - 420. Let i be (q/8)/(1/(-2)). Let m = i + 27. Is 4 a factor of m?
False
Suppose 7*n - 158 + 53 = 0. Let x be 40/(-12)*n/10. Let a(r) = r**2 + 4. Is a(x) a multiple of 11?
False
Suppose -4*g + 5*g - 2 = 0. Let i(c) = c**3 + 16*c**2 + 16*c + 1. Let m be i(-13). Suppose -k + m = g*k. Is 25 a factor of k?
True
Suppose 0 = 8*t - 1085 + 61. Let o = t + -114. Is o even?
True
Suppose -10*s = -11*s + 278. Suppose -v + 5*w + s = 0, v + w + 1055 = 5*v. Is 44 a factor of v?
False
Let k(a) = -18*a - 9. Suppose 6*y = 4 - 22. Does 7 divide k(y)?
False
Suppose -5*b - 2*m + 1731 = 0, 4*b - 4*m = -m + 1394. Let g = b + -244. Is g a multiple of 14?
False
Let s = -961 + 4513. Does 32 divide s?
True
Let g = 9 + -7. Suppose g*x - 3 + 9 = 0. Is 7 a factor of (5/1 - x) + -1?
True
Suppose 13 = 2*t - 77. Suppose -t - 179 = -4*a. Let g = 97 - a. Is 22 a factor of g?
False
Let c(j) = -j**2 - 37*j - 22. Is 12 a factor of c(-26)?
True
Let l = 341 + 19. Is 15 a factor of l?
True
Let k = 2 - -6. Let l be (18/k)/((-9)/120). Let u = 61 + l. Does 16 divide u?
False
Suppose 3*k = k. Let w be ((-4)/8*k)/2. Suppose 5*b - 13 - 2 = w. Is b a multiple of 3?
True
Let k(j) = 17*j**2 + 9*j + 5. Let i be k(-3). Suppose 104 + i = 4*p + 5*v, 0 = 4*p + v - 223. Does 11 divide p?
True
Let n(b) = 4*b + 12. Let d(s) = -s**3 - 7*s**2 + 9*s + 10. Let o be d(-8). Suppose -5*i - 3 = -o*l, 4*l - 3*i + 45 = 8*l. Does 12 divide n(l)?
True
Let w = 20 + -19. Let n(q) = -2*q**2 + q + 1. Let y be n(w). Suppose 230 = 5*z - y*z. Does 8 divide z?
False
Let g(b) = -3*b**2 + 20*b + 20. Let l(d) = -3*d**2 + 19*d + 18. Let y(o) = 4*g(o) - 5*l(o). Is 22 a factor of y(12)?
True
Let l(k) = 6*k**3 + 3*k**2 + 4*k - 2. Let v(o) = 4*o - 7*o**3 + 1 - 4*o**2 - 7*o + 2*o**2. Let c(j) = -6*l(j) - 5*v(j). Is c(-7) a multiple of 21?
True
Is 17 a factor of (240/32)/(2/260)?
False
Suppose 2*h + k + 15 = 1235, 5*k + 1843 = 3*h. Is 5 a factor of h?
False
Does 53 divide (-265)/(-2)*(-16)/(-2)?
True
Let l be 1 + 0 + 1/(-1). Suppose l = -3*x + p + 51, 3*x - 63 = -5*p + 2*p. Does 6 divide x?
True
Suppose -h - h = g - 722, -2884 = -4*g - 4*h. Suppose -11*z = 4*z - g. Is 17 a factor of z?
False
Let p = -1214 - -1313. Is 4 a factor of p?
False
Let k(y) = -32*y + 331. Is k(-17) a multiple of 32?
False
Let c(y) = y**3 + 4*y**2 + 7*y + 5. Let u be c(-5). Let b = u - -25. Let z = b - -60. Does 6 divide z?
True
Suppose -62 = -2*b + 154. Is 15 a factor of b?
False
Let c be (4/10)/((-1)/10). Let x be (6 + -7)/(1/(-40)). Does 20 divide c/4 + 1 + x?
True
Let z(x) = -x**3 - 3*x**2 - 5*x + 1. Let w be ((-7)/2)/((-7)/(-14)). Does 36 divide z(w)?
False
Suppose x + 5*f - 38 + 7 = 0, 4*x + 2*f - 70 = 0. Let b = -25 - -27. Is 16 a factor of 26*b/(x/12)?
False
Suppose -5*j + 7 - 2 = 0, 44 = 4*s - 4*j. Let p(k) = k**2 - 9*k - 9. Let z be p(s). Let r = 78 - z. Does 12 divide r?
False
Suppose -d + 2 = n, 4*d + 5*n = 3*d + 2. Suppose 2*w = 2*v - 6, d*v - v + w = 7. Suppose v*h - 34 = 2*h - 5*o, 0 = -h - 3*o + 6. Is 11 a factor of h?
False
Is 15 a factor of (2/3)/((-15)/(-187110)*7)?
False
Let d(q) = -q**2 + 4*q + 3. Let o be d(5). Is (9 - -126)*(o + (1 - -2)) a multiple of 17?
False
Is 8 a factor of 35/21*(1 - -38)?
False
Suppose -m - 8*u = -5*u - 647, u = 5*m - 3203. Is m a multiple of 14?
False
Let r = -1898 - -5246. Is 124 a factor of r?
True
Let a(t) = -4 - 5 - 4*t - 9 + 6. Does 12 divide a(-9)?
True
Let n be (-54)/10 - 3/5. Let o be (-32)/n - (-2)/(-6). Suppose -o*b = -4*b - 39. Does 9 divide b?
False
Suppose 4*g - 3*d + 521 = 0, 3*g + d = 3*d - 392. Let k = 248 + g. Is 23 a factor of k?
False
Let s = -43 + 46. Suppose 3*d - 12 = 0, -s*a - 4*d + 13 = -63. Is a a multiple of 4?
True
Does 10 divide -564*(-2)/28 + (-2)/7?
True
Let h = -563 - -1091. Is h a multiple of 33?
True
Let a(f) = -22*f. Suppose 3*r + 2*r = -10. Let u be 0*2/(-4) + r. Is 11 a factor of a(u)?
True
Let f(o) be the first derivative of -o**3/3 - 4*o**2 + 10*o + 6. Let j be f(-9). Let y(m) = 17*m**2 - 2*m + 1. Is 16 a factor of y(j)?
True
Let a = 19 + -16. Suppose a*f + 55 = -2*f + 2*q, 0 = 2*f - 2*q + 22. Does 5 divide f/2*(-4)/2?
False
Let i be 8/(-10)*15/6. Let n be 1/((i/82)/(-1)). Suppose 4*f + 0*c - 40 = -5*c, -3*f + n = c. Is 5 a factor of f?
True
Suppose -2*r + 6*r = 4, -3*v + 5 = -r. Suppose -173 = -2*o + 3*d + 2*d, -o - 2*d = -100. Suppose 3*l - t - o = 0, v*l - t + 86 = 5*l. Does 10 divide l?
True
Let y(x) = x**2 + 3*x - 2. Suppose 2*s + s = -18. Let g be y(s). Suppose 4 + g = n. Does 3 divide n?
False
Let n(g) = 6*g**2 - 3*g - 8. Let f = 25 + -29. Does 20 divide n(f)?
True
Let t(z) = -28*z - 40. Does 46 divide t(-8)?
True
Suppose -1247 = -0*p - 3*p - 2*i, 0 = p + 2*i - 417. Is 67 a factor of p?
False
Is 34 a factor of (-2 + (-156)/(-10))/((-6)/(-1875))?
True
Let r(w) = -6*w - 3. Let t(c) = -c**2 + 6*c + 4. Let m be t(7). Let i be r(m). Is 21 a factor of ((-189)/i)/(2/(-10))?
True
Let h be (408 - 4)*3/12. Suppose -2*r + h = c, -4*r = 3*c - 2*c - 97. Is c a multiple of 35?
True
Let o(g) = -17*g + 127. Does 20 divide o(-9)?
True
Let m be (-1)/3 + -4*(-13)/12. Suppose m*w = -3*a + 390, -3*w + 55 = -a - 244. Is w a multiple of 33?
True
Let f = 1087 - 129. Is 55 a factor of f?
False
Let x(n) = -n**3 - 2*n - 6. Suppose 12 = 2*t - 6*t - 2*o, -4*t - 5*o = 6. Is x(t) a multiple of 33?
True
Let c(x) = -30*x + 7. Let l be c(6). Let z = l + 112. Is 27 a factor of z/1*(-2 - -1)?
False
Let n(x) = 2*x**2 - 19*x + 11. Let y be n(10). Suppose -y*v - 852 = -27*v. Is 24 a factor of v?
False
Suppose -x = 2*v - 7, -3*v